{"id":10223,"date":"2024-01-14T14:21:07","date_gmt":"2024-01-14T13:21:07","guid":{"rendered":"http:\/\/sp91krakow.pl\/sp91\/?page_id=10223"},"modified":"2024-08-30T10:21:53","modified_gmt":"2024-08-30T08:21:53","slug":"narodowy-program-rozwoju-czytelnictwa-2-0-na-lata-2021-2025","status":"publish","type":"page","link":"http:\/\/sp91krakow.pl\/sp91\/narodowy-program-rozwoju-czytelnictwa-2-0-na-lata-2021-2025\/","title":{"rendered":"Narodowy Program Rozwoju Czytelnictwa 2.0 na lata 2021-2025"},"content":{"rendered":"<p style=\"text-align: justify;\"><a href=\"http:\/\/sp91krakow.pl\/sp91\/wp-content\/uploads\/2024\/01\/nprcz-logotyp-podstawowy-rgb.jpg\"><\/a><a href=\"http:\/\/sp91krakow.pl\/sp91\/wp-content\/uploads\/2024\/01\/nprcz-logotyp-podstawowy-rgb.jpg\"><img fetchpriority=\"high\" decoding=\"async\" class=\"wp-image-10221 size-medium alignleft\" src=\"http:\/\/sp91krakow.pl\/sp91\/wp-content\/uploads\/2024\/01\/nprcz-logotyp-podstawowy-rgb-300x171.jpg\" width=\"300\" height=\"171\" srcset=\"http:\/\/sp91krakow.pl\/sp91\/wp-content\/uploads\/2024\/01\/nprcz-logotyp-podstawowy-rgb-300x171.jpg 300w, http:\/\/sp91krakow.pl\/sp91\/wp-content\/uploads\/2024\/01\/nprcz-logotyp-podstawowy-rgb-1024x583.jpg 1024w, http:\/\/sp91krakow.pl\/sp91\/wp-content\/uploads\/2024\/01\/nprcz-logotyp-podstawowy-rgb-768x437.jpg 768w, http:\/\/sp91krakow.pl\/sp91\/wp-content\/uploads\/2024\/01\/nprcz-logotyp-podstawowy-rgb-1536x874.jpg 1536w, http:\/\/sp91krakow.pl\/sp91\/wp-content\/uploads\/2024\/01\/nprcz-logotyp-podstawowy-rgb-1897x1080.jpg 1897w, http:\/\/sp91krakow.pl\/sp91\/wp-content\/uploads\/2024\/01\/nprcz-logotyp-podstawowy-rgb.jpg 1922w\" sizes=\"(max-width: 300px) 100vw, 300px\" \/><\/a><\/p>\n<p style=\"text-align: justify;\"><span style=\"color: #000000;\">Szko\u0142a Podstawowa nr 91 im. Janusza Kusoci\u0144skiego zosta\u0142a beneficjentem programu pn. Priorytet 3 Narodowy Program Rozwoju Czytelnictwa 2.0 na lata 2021 \u2013 2025 w roku szkolnym <\/span><span style=\"color: #000000;\">2023\/2024. NPRCZ 2.0 jest kolejn\u0105 edycj\u0105 wieloletniego programu nakierowanego na wzmocnienie czytelnictwa w Polsce oraz modernizacj\u0119 bibliotek. Ze wzgl\u0119du na skal\u0119 oddzia\u0142ywania jest to jeden z najwi\u0119kszych program\u00f3w Ministerstwa Kultury i Dziedzictwa <\/span><span style=\"color: #000000;\">Narodowego. Za Priorytet 3, czyli zakup nowo\u015bci wydawniczych do plac\u00f3wek wychowania przedszkolnego, bibliotek szkolnych i pedagogicznych, odpowiada Ministerstwo Edukacji i Nauki.<\/span><\/p>\n<p style=\"text-align: justify;\"><span style=\"color: #000000;\">Umiej\u0119tno\u015b\u0107 czytania ze zrozumieniem warunkuje aktywny udzia\u0142 w \u017cyciu spo\u0142ecznym oraz determinuje spos\u00f3b radzenia sobie ze zmianami na rynku pracy. Wzmocnienie czytelnictwa w\u015br\u00f3d <\/span><span style=\"color: #000000;\">najm\u0142odszych jest wi\u0119c inwestycj\u0105 w ich kompetencje spo\u0142eczne. W ramach Priorytetu 3, szko\u0142y mog\u0142y stara\u0107 si\u0119 o dofinansowanie na zakup nowo\u015bci wydawniczych i wyposa\u017cenia bibliotek.<\/span><\/p>\n<p style=\"text-align: justify;\"><span style=\"color: #000000;\">Nasza Szko\u0142a otrzyma\u0142a dotacj\u0119 w wysoko\u015bci 15.000,00 z\u0142. Nale\u017cy zaznaczy\u0107, \u017ce 12.000,00 z\u0142 pochodzi z dotacji ministerstwa, a organ prowadz\u0105cy Nasz\u0105 Szko\u0142\u0119, czyli Gmina Miejska Krak\u00f3w w <\/span><span style=\"color: #000000;\">ramach realizacji cel\u00f3w NPRCZ 2.0 przeznaczy\u0142a 3.000,00 z\u0142, jako wk\u0142ad w\u0142asny.<\/span><\/p>\n<p style=\"text-align: justify;\"><a href=\"http:\/\/sp91krakow.pl\/sp91\/nowosci-w-bibliotece-szkolnej\/\" rel=\"http:\/\/sp91krakow.pl\/sp91\/nowosci-w-bibliotece-szkolnej\/ noopener\" target=\"_blank\"><img decoding=\"async\" class=\"wp-image-10220 alignnone\" src=\"http:\/\/sp91krakow.pl\/sp91\/wp-content\/uploads\/2024\/01\/Zdjecie-glowne-Nowosci-w-szkolnej-bibliotece.jpg\" width=\"904\" height=\"452\" \/><\/a><br \/><a href=\"http:\/\/sp91krakow.pl\/sp91\/dzialania-promujace-czytelnictwo-w-ramach-nprcz-2-0-i-semestr-2023-2024\/\"><img decoding=\"async\" class=\"size-full wp-image-10219 alignleft\" src=\"http:\/\/sp91krakow.pl\/sp91\/wp-content\/uploads\/2024\/01\/Zdjecie-glowne-Dzialania-NPRCZ.jpg\" alt=\"\" width=\"6912\" height=\"3456\" \/><\/a><\/p>\n<div class=\"wp-block-image\"><a href=\"http:\/\/sp91krakow.pl\/sp91\/dzialania-promujace-czytelnictwo-w-ramach-nprcz-2-0-ii-semestr-2023-2024\/\"><img loading=\"lazy\" decoding=\"async\" class=\"wpa-warning wpa-image-missing-alt alignleft wp-image-11805 size-large\" src=\"http:\/\/sp91krakow.pl\/sp91\/wp-content\/uploads\/2024\/08\/Zdjecie-glowne-NPRCZ-2.0-1024x512.jpg\" alt=\"Dzia\u0142ania promuj\u0105ce czytelnictwo w ramach NPRCZ 2.0 II semestr 2023\/2024.\" width=\"1024\" height=\"512\" data-warning=\"Missing alt text\" srcset=\"http:\/\/sp91krakow.pl\/sp91\/wp-content\/uploads\/2024\/08\/Zdjecie-glowne-NPRCZ-2.0-1024x512.jpg 1024w, http:\/\/sp91krakow.pl\/sp91\/wp-content\/uploads\/2024\/08\/Zdjecie-glowne-NPRCZ-2.0-300x150.jpg 300w, http:\/\/sp91krakow.pl\/sp91\/wp-content\/uploads\/2024\/08\/Zdjecie-glowne-NPRCZ-2.0-768x384.jpg 768w, http:\/\/sp91krakow.pl\/sp91\/wp-content\/uploads\/2024\/08\/Zdjecie-glowne-NPRCZ-2.0-1536x768.jpg 1536w, http:\/\/sp91krakow.pl\/sp91\/wp-content\/uploads\/2024\/08\/Zdjecie-glowne-NPRCZ-2.0-2048x1024.jpg 2048w, http:\/\/sp91krakow.pl\/sp91\/wp-content\/uploads\/2024\/08\/Zdjecie-glowne-NPRCZ-2.0-1920x960.jpg 1920w\" sizes=\"(max-width: 1024px) 100vw, 1024px\" \/><\/a><\/div>\n<p style=\"text-align: justify;\">\u00a0<\/p>\n<div class=\"wp-block-image\">\u00a0<\/div>\n","protected":false},"excerpt":{"rendered":"<p>Szko\u0142a Podstawowa nr 91 im. Janusza Kusoci\u0144skiego zosta\u0142a beneficjentem programu pn. Priorytet 3 Narodowy Program Rozwoju Czytelnictwa 2.0 na lata 2021 \u2013 2025 w roku szkolnym 2023\/2024. NPRCZ 2.0 jest kolejn\u0105 edycj\u0105 wieloletniego programu nakierowanego na wzmocnienie czytelnictwa w Polsce oraz modernizacj\u0119 bibliotek. Ze wzgl\u0119du na skal\u0119 oddzia\u0142ywania jest to jeden z najwi\u0119kszych program\u00f3w Ministerstwa&hellip; <br \/> <a class=\"read-more\" href=\"http:\/\/sp91krakow.pl\/sp91\/narodowy-program-rozwoju-czytelnictwa-2-0-na-lata-2021-2025\/\">Dowiedz si\u0119 wi\u0119cej<\/a><\/p>\n","protected":false},"author":1,"featured_media":10221,"parent":0,"menu_order":0,"comment_status":"closed","ping_status":"closed","template":"page-templates\/page-with-right-sidebar.php","meta":{"rop_custom_images_group":[],"rop_custom_messages_group":[],"rop_publish_now":"initial","rop_publish_now_accounts":[],"rop_publish_now_history":[],"rop_publish_now_status":"pending","footnotes":""},"class_list":["post-10223","page","type-page","status-publish","has-post-thumbnail","hentry"],"_links":{"self":[{"href":"http:\/\/sp91krakow.pl\/sp91\/wp-json\/wp\/v2\/pages\/10223","targetHints":{"allow":["GET"]}}],"collection":[{"href":"http:\/\/sp91krakow.pl\/sp91\/wp-json\/wp\/v2\/pages"}],"about":[{"href":"http:\/\/sp91krakow.pl\/sp91\/wp-json\/wp\/v2\/types\/page"}],"author":[{"embeddable":true,"href":"http:\/\/sp91krakow.pl\/sp91\/wp-json\/wp\/v2\/users\/1"}],"replies":[{"embeddable":true,"href":"http:\/\/sp91krakow.pl\/sp91\/wp-json\/wp\/v2\/comments?post=10223"}],"version-history":[{"count":14,"href":"http:\/\/sp91krakow.pl\/sp91\/wp-json\/wp\/v2\/pages\/10223\/revisions"}],"predecessor-version":[{"id":11819,"href":"http:\/\/sp91krakow.pl\/sp91\/wp-json\/wp\/v2\/pages\/10223\/revisions\/11819"}],"wp:featuredmedia":[{"embeddable":true,"href":"http:\/\/sp91krakow.pl\/sp91\/wp-json\/wp\/v2\/media\/10221"}],"wp:attachment":[{"href":"http:\/\/sp91krakow.pl\/sp91\/wp-json\/wp\/v2\/media?parent=10223"}],"curies":[{"name":"wp","href":"https:\/\/api.w.org\/{rel}","templated":true}]}}