{"id":17659,"date":"2025-02-19T14:38:55","date_gmt":"2025-02-19T13:38:55","guid":{"rendered":"http:\/\/sp91krakow.pl\/sp91\/?page_id=17659"},"modified":"2025-02-19T14:41:02","modified_gmt":"2025-02-19T13:41:02","slug":"cyberbezpieczenstwo","status":"publish","type":"page","link":"http:\/\/sp91krakow.pl\/sp91\/dla-rodzicow\/cyberbezpieczenstwo\/","title":{"rendered":"Cyberbezpiecze\u0144stwo"},"content":{"rendered":"<p>&nbsp;<\/p>\n<p>&nbsp;<\/p>\n<style>\n        body {\n            font-family: Arial, sans-serif;\n            text-align: center;\n            background-color: #f9f9f9;\n            padding: 20px;\n        }\n        h1 {\n            color: #333;\n        }\n        .container {\n            max-width: 600px;\n            margin: 0 auto;\n            background: #fff;\n            padding: 20px;\n            border-radius: 10px;\n            box-shadow: 0 0 10px rgba(0, 0, 0, 0.1);\n        }\n        .button {\n            display: block;\n            width: 100%;\n            padding: 10px;\n            margin: 10px 0;\n            background-color: #ff9999;\n            color: white;\n            text-decoration: none;\n            font-size: 16px;\n            border-radius: 5px;\n            transition: 0.3s;\n        }\n        .button:hover {\n            background-color: #ff7777;\n        }\n    <\/style>\n<div class=\"container\">\n<h1>Materia\u0142y &#8211; Cyberbezpiecze\u0144stwo<\/h1>\n<p><a class=\"button\" href=\"https:\/\/liblink.pl\/eN8yWd3Ou4\" target=\"_blank\" rel=\"noopener\">Baza wiedzy o cyberbezpiecze\u0144stwie<\/a> <a class=\"button\" href=\"https:\/\/liblink.pl\/5j5Ig3AqI5\" target=\"_blank\" rel=\"noopener\">Poradnik o YouTube dla rodzic\u00f3w<\/a> <a class=\"button\" href=\"https:\/\/liblink.pl\/5Hn7VkGjxB\" target=\"_blank\" rel=\"noopener\">Rodzina i ekrany &#8211; ksi\u0105\u017cka<\/a> <a class=\"button\" href=\"https:\/\/liblink.pl\/6tqnwNEai1\" target=\"_blank\" rel=\"noopener\">Przemoc r\u00f3wie\u015bnicza &#8211; wyk\u0142ad SWPS<\/a> <a class=\"button\" href=\"https:\/\/liblink.pl\/GIAXbVscNK\" target=\"_blank\" rel=\"noopener\">Poradnik o cyberprzemocy<\/a> <a class=\"button\" href=\"https:\/\/liblink.pl\/fDUMk3hUGt\" target=\"_blank\" rel=\"noopener\">Domowe Zasady Ekranowe<\/a> <a class=\"button\" href=\"https:\/\/liblink.pl\/Cb3052aMB4\" target=\"_blank\" rel=\"noopener\">Fundacja Poza Schematami &#8211; Materia\u0142y<\/a> <a class=\"button\" href=\"https:\/\/liblink.pl\/o3msC60xZD\" target=\"_blank\" rel=\"noopener\">Fundacja Poza Schematami &#8211; dodatkowe<\/a> <a class=\"button\" href=\"https:\/\/liblink.pl\/ghAeoP5r21\" target=\"_blank\" rel=\"noopener\">Fundacja UNIQA &#8211; Przewodnik<\/a> <a class=\"button\" href=\"https:\/\/liblink.pl\/8GjN8bmNsf\" target=\"_blank\" rel=\"noopener\">Sieciaki &#8211; Strona dla dzieci i rodzic\u00f3w<\/a><\/div>\n","protected":false},"excerpt":{"rendered":"<p>&nbsp; &nbsp; Materia\u0142y &#8211; Cyberbezpiecze\u0144stwo Baza wiedzy o cyberbezpiecze\u0144stwie Poradnik o YouTube dla rodzic\u00f3w Rodzina i ekrany &#8211; ksi\u0105\u017cka Przemoc r\u00f3wie\u015bnicza &#8211; wyk\u0142ad SWPS Poradnik o cyberprzemocy Domowe Zasady Ekranowe Fundacja Poza Schematami &#8211; Materia\u0142y Fundacja Poza Schematami &#8211; dodatkowe Fundacja UNIQA &#8211; Przewodnik Sieciaki &#8211; Strona dla dzieci i rodzic\u00f3w<\/p>\n","protected":false},"author":1,"featured_media":0,"parent":103,"menu_order":0,"comment_status":"closed","ping_status":"closed","template":"","meta":{"rop_custom_images_group":[],"rop_custom_messages_group":[],"rop_publish_now":"initial","rop_publish_now_accounts":[],"rop_publish_now_history":[],"rop_publish_now_status":"pending","footnotes":""},"class_list":["post-17659","page","type-page","status-publish","hentry"],"_links":{"self":[{"href":"http:\/\/sp91krakow.pl\/sp91\/wp-json\/wp\/v2\/pages\/17659","targetHints":{"allow":["GET"]}}],"collection":[{"href":"http:\/\/sp91krakow.pl\/sp91\/wp-json\/wp\/v2\/pages"}],"about":[{"href":"http:\/\/sp91krakow.pl\/sp91\/wp-json\/wp\/v2\/types\/page"}],"author":[{"embeddable":true,"href":"http:\/\/sp91krakow.pl\/sp91\/wp-json\/wp\/v2\/users\/1"}],"replies":[{"embeddable":true,"href":"http:\/\/sp91krakow.pl\/sp91\/wp-json\/wp\/v2\/comments?post=17659"}],"version-history":[{"count":3,"href":"http:\/\/sp91krakow.pl\/sp91\/wp-json\/wp\/v2\/pages\/17659\/revisions"}],"predecessor-version":[{"id":17663,"href":"http:\/\/sp91krakow.pl\/sp91\/wp-json\/wp\/v2\/pages\/17659\/revisions\/17663"}],"up":[{"embeddable":true,"href":"http:\/\/sp91krakow.pl\/sp91\/wp-json\/wp\/v2\/pages\/103"}],"wp:attachment":[{"href":"http:\/\/sp91krakow.pl\/sp91\/wp-json\/wp\/v2\/media?parent=17659"}],"curies":[{"name":"wp","href":"https:\/\/api.w.org\/{rel}","templated":true}]}}