{"id":177,"date":"2018-08-26T21:47:05","date_gmt":"2018-08-26T19:47:05","guid":{"rendered":"http:\/\/sp91krakow.pl\/sp91\/?page_id=177"},"modified":"2019-09-25T19:43:06","modified_gmt":"2019-09-25T17:43:06","slug":"historia-szkoly","status":"publish","type":"page","link":"http:\/\/sp91krakow.pl\/sp91\/o-nas\/historia-szkoly\/","title":{"rendered":"Historia szko\u0142y"},"content":{"rendered":"<p style=\"text-align: center;\"><span style=\"color: #003366; font-size: 18pt;\"><strong>Kalendarium Szko\u0142y 1959 \u2013 2009<\/strong><\/span><\/p>\n<p style=\"padding-left: 120px;\"><span style=\"font-size: 14pt; color: #000000;\"><strong>1 pa\u017adziernika 1959 r.<\/strong> \u2013 uroczyste otwarcie Szko\u0142y Podstawowej Nr 91, os. Handlowe 4 w Krakowie. Pierwszym Dyrektorem zosta\u0142 W\u0142adys\u0142aw Zawada.<\/span><\/p>\n<p style=\"padding-left: 120px;\"><span style=\"font-size: 14pt; color: #000000;\"><strong>Od 1 wrze\u015bnia 1971 r.<\/strong> \u2013 z inicjatywy nauczyciela wychowania fizycznego \u2013 Janusza Nelickiego \u2013 powsta\u0142a pierwsza klasa sportowa o profilu lekkoatletycznym. Opiek\u0119 nad ni\u0105 obj\u0105\u0142 KS \u201eHutnik\u201d Krak\u00f3w.<\/span><\/p>\n<p style=\"padding-left: 120px;\"><span style=\"font-size: 14pt; color: #000000;\"><strong>Od\u00a0 1 wrze\u015bnia 1972 r<\/strong>. \u2013 pod patronatem KS \u201eHutnik\u201d Krak\u00f3w powo\u0142ano kolejn\u0105 klas\u0119 sportow\u0105.<\/span><\/p>\n<p style=\"padding-left: 120px;\"><span style=\"font-size: 14pt; color: #000000;\"><strong>W roku szkolnym 1969\/1970<\/strong> \u2013 Dyrektor W\u0142adys\u0142aw Zawada przeszed\u0142 na emerytur\u0119, a nowym Dyrektorem zosta\u0142 nauczyciel wychowania fizycznego \u2013 Gustaw P\u0142ocharz.<\/span><\/p>\n<p style=\"padding-left: 120px;\"><span style=\"font-size: 14pt; color: #000000;\"><strong>19 maja 1973 r. \u2013<\/strong> odby\u0142a si\u0119 uroczysto\u015b\u0107 nadania imienia Bohater\u00f3w Monte Cassino szczepowi ZHP w naszej szkole oraz wr\u0119czenie sztandaru z okazji 29 rocznicy bitwy.<\/span><\/p>\n<p style=\"padding-left: 120px;\"><span style=\"font-size: 14pt; color: #000000;\"><strong>2 czerwca 1973 r.<\/strong> \u2013 Szkole nadano imi\u0119 Janusza Kusoci\u0144skiego. W uroczysto\u015bciach uczestniczyli: siostra Janusza Kusoci\u0144skiego \u2013 Janina Czapli\u0144ska, przedstawiciele w\u0142adz dzielnicy, zaproszone delegacje szk\u00f3\u0142 o tym samym imieniu oraz rodzice. Siostra Janusza Kusoci\u0144skiego dokona\u0142a ods\u0142oni\u0119cia tablicy pami\u0105tkowej.<\/span><\/p>\n<p style=\"padding-left: 120px;\"><span style=\"font-size: 14pt; color: #000000;\"><strong>W roku szkolnym 1973\/1974<\/strong> na wniosek Ministerstwa O\u015bwiaty i Wychowania zosta\u0142a utworzona Szko\u0142a Sportowa. W tym roku rozpocz\u0119to nauczanie sportowe w 4\u00a0 oddzia\u0142ach klas pi\u0105tych. Dwa oddzia\u0142y o profilu lekkoatletycznym i dwa pi\u0142ki r\u0119cznej.<\/span><\/p>\n<p style=\"padding-left: 120px;\"><span style=\"font-size: 14pt; color: #000000;\"><strong>1 wrze\u015bnia 1974 r<\/strong>. \u2013 Komitet Rodzicielski przekaza\u0142 Szkole sztandar.<\/span><\/p>\n<p style=\"padding-left: 120px;\"><span style=\"font-size: 14pt; color: #000000;\"><strong>Od 1981 roku<\/strong> Szko\u0142a jest organizatorem Mi\u0119dzynarodowego Turnieju M\u0142odzik\u00f3w w Pi\u0142ce R\u0119cznej o Puchar Lajkonika. Turniej organizowany by\u0142 tylko dla dziewcz\u0105t.<\/span><\/p>\n<p style=\"padding-left: 120px;\"><span style=\"font-size: 14pt; color: #000000;\"><strong>Od 1983 roku<\/strong> Mi\u0119dzynarodowego Turnieju M\u0142odzik\u00f3w w Pi\u0142ce R\u0119cznej o Puchar Lajkonika organizowany jest r\u00f3wnie\u017c dla ch\u0142opc\u00f3w.<\/span><\/p>\n<p style=\"padding-left: 120px;\"><span style=\"font-size: 14pt; color: #000000;\"><strong>W latach 1985 \u2013 1990<\/strong> Dyrektorem Szko\u0142y by\u0142a Pani Zofia Szpik.<\/span><\/p>\n<p style=\"padding-left: 120px;\"><span style=\"font-size: 14pt; color: #000000;\"><strong>W maju 1990 roku<\/strong> nauczyciele klas lekkoatletycznych wraz z Dyrektorem ds. sportu Waldemarem Gramkiem zorganizowali po raz pierwszy zawody lekkoatletyczne dla m\u0142odzik\u00f3w \u2013 Mityng \u201eKrak\u201d<\/span><\/p>\n<p style=\"padding-left: 120px;\"><span style=\"font-size: 14pt; color: #000000;\"><strong>W roku szkolnym 1990\/1991<\/strong> Dyrektorem Szko\u0142y zosta\u0142 Stanis\u0142aw Baran \u2013 komendant szczepu dzia\u0142aj\u0105cego na terenie Szko\u0142y \u201eCzerwone Maki\u201d im. Bohater\u00f3w Monte Cassino.<\/span><\/p>\n<p style=\"padding-left: 120px;\"><span style=\"font-size: 14pt; color: #000000;\"><strong>W 1993 roku<\/strong> z inicjatywy dyrekcji, nauczycieli wychowania fizycznego oraz rodzic\u00f3w powo\u0142ano do \u017cycia SKS \u201eKusy\u201d z sekcjami lekkiej atletyki oraz pi\u0142ki r\u0119cznej zrzeszonymi w Polskich Zwi\u0105zkach Sportowych.<\/span><\/p>\n<p style=\"padding-left: 120px;\"><span style=\"font-size: 14pt; color: #000000;\"><strong>1 wrze\u015bnia 1999 r.<\/strong> w wyniku przeprowadzonej reformy o\u015bwiaty na bazie o\u015bmioletniej Szko\u0142y Podstawowej Nr 91 powsta\u0142 Zesp\u00f3\u0142 Szk\u00f3\u0142 Og\u00f3lnokszta\u0142c\u0105cych Sportowych Nr 1 w sk\u0142ad, kt\u00f3rego wesz\u0142y: Szko\u0142a Podstawowa Nr 91 i Gimnazjum Nr 47.<\/span><\/p>\n<p style=\"padding-left: 120px;\"><span style=\"font-size: 14pt; color: #000000;\"><strong>W latach 2000 \u2013 2006<\/strong> funkcj\u0119 dyrektora Szko\u0142y pe\u0142ni\u0142 Pan Waldemar Gramek.<\/span><\/p>\n<p style=\"padding-left: 120px;\"><span style=\"font-size: 14pt; color: #000000;\"><strong>23 listopada 2001 r.<\/strong> odby\u0142a si\u0119 uroczysto\u015b\u0107 wmurowania kamienia w\u0119gielnego pod budow\u0119 kompleksu sportowego \u2013 hali wraz z kryt\u0105 p\u0142ywalni\u0105.<\/span><\/p>\n<p style=\"padding-left: 120px;\"><span style=\"font-size: 14pt; color: #000000;\"><strong>14 lutego 2003 r.<\/strong> odby\u0142a si\u0119 uroczysto\u015b\u0107 otwarcia nowego kompleksu sportowego.<\/span><\/p>\n<p style=\"padding-left: 120px;\"><span style=\"font-size: 14pt; color: #000000;\"><strong>1 wrze\u015bnia 2006 r.<\/strong> dyrektorem Szko\u0142y zosta\u0142 Pan Wojciech Miodo\u0144ski.<\/span><\/p>\n<p style=\"padding-left: 120px;\"><span style=\"font-size: 14pt; color: #000000;\"><strong>Stycze\u0144 2009 r.<\/strong> &#8211; nadanie Gimnazjum Nr 47 imienia Janusza Kusoci\u0144skiego.<\/span><\/p>\n<p style=\"padding-left: 120px;\">\n","protected":false},"excerpt":{"rendered":"<p>Kalendarium Szko\u0142y 1959 \u2013 2009 1 pa\u017adziernika 1959 r. \u2013 uroczyste otwarcie Szko\u0142y Podstawowej Nr 91, os. Handlowe 4 w Krakowie. Pierwszym Dyrektorem zosta\u0142 W\u0142adys\u0142aw Zawada. Od 1 wrze\u015bnia 1971 r. \u2013 z inicjatywy nauczyciela wychowania fizycznego \u2013 Janusza Nelickiego \u2013 powsta\u0142a pierwsza klasa sportowa o profilu lekkoatletycznym. Opiek\u0119 nad ni\u0105 obj\u0105\u0142 KS \u201eHutnik\u201d Krak\u00f3w.&hellip; <br \/> <a class=\"read-more\" href=\"http:\/\/sp91krakow.pl\/sp91\/o-nas\/historia-szkoly\/\">Dowiedz si\u0119 wi\u0119cej<\/a><\/p>\n","protected":false},"author":1,"featured_media":0,"parent":175,"menu_order":0,"comment_status":"closed","ping_status":"closed","template":"","meta":{"rop_custom_images_group":[],"rop_custom_messages_group":[],"rop_publish_now":"initial","rop_publish_now_accounts":[],"rop_publish_now_history":[],"rop_publish_now_status":"pending","footnotes":""},"class_list":["post-177","page","type-page","status-publish","hentry"],"_links":{"self":[{"href":"http:\/\/sp91krakow.pl\/sp91\/wp-json\/wp\/v2\/pages\/177","targetHints":{"allow":["GET"]}}],"collection":[{"href":"http:\/\/sp91krakow.pl\/sp91\/wp-json\/wp\/v2\/pages"}],"about":[{"href":"http:\/\/sp91krakow.pl\/sp91\/wp-json\/wp\/v2\/types\/page"}],"author":[{"embeddable":true,"href":"http:\/\/sp91krakow.pl\/sp91\/wp-json\/wp\/v2\/users\/1"}],"replies":[{"embeddable":true,"href":"http:\/\/sp91krakow.pl\/sp91\/wp-json\/wp\/v2\/comments?post=177"}],"version-history":[{"count":18,"href":"http:\/\/sp91krakow.pl\/sp91\/wp-json\/wp\/v2\/pages\/177\/revisions"}],"predecessor-version":[{"id":2018,"href":"http:\/\/sp91krakow.pl\/sp91\/wp-json\/wp\/v2\/pages\/177\/revisions\/2018"}],"up":[{"embeddable":true,"href":"http:\/\/sp91krakow.pl\/sp91\/wp-json\/wp\/v2\/pages\/175"}],"wp:attachment":[{"href":"http:\/\/sp91krakow.pl\/sp91\/wp-json\/wp\/v2\/media?parent=177"}],"curies":[{"name":"wp","href":"https:\/\/api.w.org\/{rel}","templated":true}]}}

Historia szkoły

<p style="text-align: center;"><span style="color: #003366; font-size: 18pt;"><strong>Kalendarium Szkoły 1959 – 2009</strong></span></p>
<p style="padding-left: 120px;"><span style="font-size: 14pt; color: #000000;"><strong>1 października 1959 r.</strong> – uroczyste otwarcie Szkoły Podstawowej Nr 91, os. Handlowe 4 w Krakowie. Pierwszym Dyrektorem został Władysław Zawada.</span></p>
<p style="padding-left: 120px;"><span style="font-size: 14pt; color: #000000;"><strong>Od 1 września 1971 r.</strong> – z inicjatywy nauczyciela wychowania fizycznego – Janusza Nelickiego – powstała pierwsza klasa sportowa o profilu lekkoatletycznym. Opiekę nad nią objął KS „Hutnik” Kraków.</span></p>
<p style="padding-left: 120px;"><span style="font-size: 14pt; color: #000000;"><strong>Od  1 września 1972 r</strong>. – pod patronatem KS „Hutnik” Kraków powołano kolejną klasę sportową.</span></p>
<p style="padding-left: 120px;"><span style="font-size: 14pt; color: #000000;"><strong>W roku szkolnym 1969/1970</strong> – Dyrektor Władysław Zawada przeszedł na emeryturę, a nowym Dyrektorem został nauczyciel wychowania fizycznego – Gustaw Płocharz.</span></p>
<p style="padding-left: 120px;"><span style="font-size: 14pt; color: #000000;"><strong>19 maja 1973 r. –</strong> odbyła się uroczystość nadania imienia Bohaterów Monte Cassino szczepowi ZHP w naszej szkole oraz wręczenie sztandaru z okazji 29 rocznicy bitwy.</span></p>
<p style="padding-left: 120px;"><span style="font-size: 14pt; color: #000000;"><strong>2 czerwca 1973 r.</strong> – Szkole nadano imię Janusza Kusocińskiego. W uroczystościach uczestniczyli: siostra Janusza Kusocińskiego – Janina Czaplińska, przedstawiciele władz dzielnicy, zaproszone delegacje szkół o tym samym imieniu oraz rodzice. Siostra Janusza Kusocińskiego dokonała odsłonięcia tablicy pamiątkowej.</span></p>
<p style="padding-left: 120px;"><span style="font-size: 14pt; color: #000000;"><strong>W roku szkolnym 1973/1974</strong> na wniosek Ministerstwa Oświaty i Wychowania została utworzona Szkoła Sportowa. W tym roku rozpoczęto nauczanie sportowe w 4  oddziałach klas piątych. Dwa oddziały o profilu lekkoatletycznym i dwa piłki ręcznej.</span></p>
<p style="padding-left: 120px;"><span style="font-size: 14pt; color: #000000;"><strong>1 września 1974 r</strong>. – Komitet Rodzicielski przekazał Szkole sztandar.</span></p>
<p style="padding-left: 120px;"><span style="font-size: 14pt; color: #000000;"><strong>Od 1981 roku</strong> Szkoła jest organizatorem Międzynarodowego Turnieju Młodzików w Piłce Ręcznej o Puchar Lajkonika. Turniej organizowany był tylko dla dziewcząt.</span></p>
<p style="padding-left: 120px;"><span style="font-size: 14pt; color: #000000;"><strong>Od 1983 roku</strong> Międzynarodowego Turnieju Młodzików w Piłce Ręcznej o Puchar Lajkonika organizowany jest również dla chłopców.</span></p>
<p style="padding-left: 120px;"><span style="font-size: 14pt; color: #000000;"><strong>W latach 1985 – 1990</strong> Dyrektorem Szkoły była Pani Zofia Szpik.</span></p>
<p style="padding-left: 120px;"><span style="font-size: 14pt; color: #000000;"><strong>W maju 1990 roku</strong> nauczyciele klas lekkoatletycznych wraz z Dyrektorem ds. sportu Waldemarem Gramkiem zorganizowali po raz pierwszy zawody lekkoatletyczne dla młodzików – Mityng „Krak”</span></p>
<p style="padding-left: 120px;"><span style="font-size: 14pt; color: #000000;"><strong>W roku szkolnym 1990/1991</strong> Dyrektorem Szkoły został Stanisław Baran – komendant szczepu działającego na terenie Szkoły „Czerwone Maki” im. Bohaterów Monte Cassino.</span></p>
<p style="padding-left: 120px;"><span style="font-size: 14pt; color: #000000;"><strong>W 1993 roku</strong> z inicjatywy dyrekcji, nauczycieli wychowania fizycznego oraz rodziców powołano do życia SKS „Kusy” z sekcjami lekkiej atletyki oraz piłki ręcznej zrzeszonymi w Polskich Związkach Sportowych.</span></p>
<p style="padding-left: 120px;"><span style="font-size: 14pt; color: #000000;"><strong>1 września 1999 r.</strong> w wyniku przeprowadzonej reformy oświaty na bazie ośmioletniej Szkoły Podstawowej Nr 91 powstał Zespół Szkół Ogólnokształcących Sportowych Nr 1 w skład, którego weszły: Szkoła Podstawowa Nr 91 i Gimnazjum Nr 47.</span></p>
<p style="padding-left: 120px;"><span style="font-size: 14pt; color: #000000;"><strong>W latach 2000 – 2006</strong> funkcję dyrektora Szkoły pełnił Pan Waldemar Gramek.</span></p>
<p style="padding-left: 120px;"><span style="font-size: 14pt; color: #000000;"><strong>23 listopada 2001 r.</strong> odbyła się uroczystość wmurowania kamienia węgielnego pod budowę kompleksu sportowego – hali wraz z krytą pływalnią.</span></p>
<p style="padding-left: 120px;"><span style="font-size: 14pt; color: #000000;"><strong>14 lutego 2003 r.</strong> odbyła się uroczystość otwarcia nowego kompleksu sportowego.</span></p>
<p style="padding-left: 120px;"><span style="font-size: 14pt; color: #000000;"><strong>1 września 2006 r.</strong> dyrektorem Szkoły został Pan Wojciech Miodoński.</span></p>
<p style="padding-left: 120px;"><span style="font-size: 14pt; color: #000000;"><strong>Styczeń 2009 r.</strong> &#8211; nadanie Gimnazjum Nr 47 imienia Janusza Kusocińskiego.</span></p>
<p style="padding-left: 120px;">

<p>Kalendarium Szkoły 1959 – 2009 1 października 1959 r. – uroczyste otwarcie Szkoły Podstawowej Nr 91, os. Handlowe 4 w Krakowie. Pierwszym Dyrektorem został Władysław Zawada. Od 1 września 1971 r. – z inicjatywy nauczyciela wychowania fizycznego – Janusza Nelickiego – powstała pierwsza klasa sportowa o profilu lekkoatletycznym. Opiekę nad nią objął KS „Hutnik” Kraków.&hellip; <br /> <a class="read-more" href="http://sp91krakow.pl/sp91/o-nas/historia-szkoly/">Dowiedz się więcej</a></p>
