{"id":296,"date":"2018-08-27T09:42:27","date_gmt":"2018-08-27T07:42:27","guid":{"rendered":"http:\/\/sp91krakow.pl\/sp91\/?page_id=296"},"modified":"2025-08-28T20:43:13","modified_gmt":"2025-08-28T18:43:13","slug":"cennik","status":"publish","type":"page","link":"http:\/\/sp91krakow.pl\/sp91\/szkola\/plywalnia\/cennik\/","title":{"rendered":"Cennik"},"content":{"rendered":"<p style=\"text-align: center;\"><span style=\"color: #000000;\"><strong>CENNIK<\/strong><\/span><\/p>\n<p style=\"text-align: center;\"><span style=\"color: #000000;\"><strong>P\u0141YWALNI PRZY SZKOLE PODSTAWOWEJ NR 91<\/strong><\/span><\/p>\n<p style=\"text-align: center;\"><span style=\"color: #000000;\"><strong>w KRAKOWIE<\/strong><\/span><\/p>\n<p>&nbsp;<\/p>\n<p>&nbsp;<\/p>\n<ol>\n<li>\n<h4><span style=\"color: #000000;\"><strong>Bilet normalny &#8211; 26 z\u0142\/h<br \/><\/strong><\/span><\/h4>\n<p><span style=\"color: #000000;\">26 z\u0142 za pierwsz\u0105 godzin\u0119 ka\u017cda nast\u0119pna minuta 0,45 z\u0142,<\/span><\/p>\n<\/li>\n<li>\n<h4><span style=\"color: #000000;\"><strong>Bilet ulgowy* &#8211; 20 z\u0142\/h<br \/><\/strong><\/span><\/h4>\n<p><span style=\"color: #000000;\">18 z\u0142 za pierwsz\u0105 godzin\u0119 ka\u017cda nast\u0119pna minuta 0,35 z\u0142,<\/span><\/p>\n<\/li>\n<\/ol>\n<ol start=\"3\">\n<li>\n<h4><span style=\"color: #000000;\"><strong>Bilet studencki* &#8211; 20 z\u0142\/h<\/strong><\/span><\/h4>\n<\/li>\n<li>\n<h4><span style=\"color: #000000;\"><strong>Bilet seniora* 60+ &#8211; 18 z\u0142\/h<\/strong><\/span><\/h4>\n<\/li>\n<li>\n<h4><span style=\"color: #000000;\"><strong>KKR 3+<br \/><\/strong><strong>&#8211; normalny\u00a0\u00a0 &#8211; 18 z\u0142\/h<br \/><\/strong><strong>&#8211; ulgowy\u00a0\u00a0\u00a0\u00a0\u00a0 &#8211; 15 z\u0142\/<\/strong><\/span><\/h4>\n<\/li>\n<\/ol>\n<ol start=\"6\">\n<li>\n<h4><span style=\"color: #000000;\"><strong>Bilet rodzinny (2+1) &#8211; 45 z\u0142\/h<\/strong><\/span><\/h4>\n<\/li>\n<li>\n<h4><span style=\"color: #000000;\"><strong>Bilet rodzinny (2+2) &#8211; 50 z\u0142\/h<\/strong><\/span><\/h4>\n<\/li>\n<li>\n<h4><span style=\"color: #000000;\"><strong>Bilet rodzinny (2+3) &#8211; 55 z\u0142\/h<\/strong><\/span><\/h4>\n<\/li>\n<li>\n<h4><span style=\"color: #000000;\"><strong>Sauna \u00a0<span style=\"font-size: 12pt;\">0,00 gr\/min<\/span><\/strong><\/span><\/h4>\n<\/li>\n<li><strong><span style=\"color: #000000;\">Bilet normalny &#8220;N&#8221; &#8211; 18 z\u0142\/h<\/span><\/strong><\/li>\n<li><strong><span style=\"color: #000000;\">Bilet ulgowy &#8220;N&#8221; &#8211; 15 z\u0142\/h<\/span><\/strong><\/li>\n<li><strong><span style=\"color: #000000;\"><span style=\"font-size: 12pt;\">Wst\u0119p wolny<\/span> *<\/span><\/strong><\/li>\n<\/ol>\n<p><span style=\"color: #000000;\">*) Bilet ulgowy przys\u0142uguje: uczniom\u00a0 (za ka\u017cdorazowym okazaniem legitymacji szkolnej), studentom\u00a0 i doktorantom (za okazaniem legitymacji) do 26 lat, rencistom, emerytom (za okazaniem legitymacji), osobom niepe\u0142nosprawnym (za okazaniem legitymacji osoby niepe\u0142nosprawnej). Opiekun osoby niepe\u0142nosprawnej &#8211; wst\u0119p wolny.<\/span><\/p>\n<p><span style=\"color: #000000;\">**) Wst\u0119p wolny &#8211; Dla weterana za okazaniem legitymacji. Na podstawie \u00a0ustawy z dnia 19 sierpnia 2011 r. o weteranach dzia\u0142a\u0144 poza granicami pa\u0144stwa (Dz. U. z 2019 r. poz. 1569) \u201eArt. 30a. 1. Weteran i weteran poszkodowany korzystaj\u0105 bezp\u0142atnie z hali sportowej, si\u0142owni i p\u0142ywalni, b\u0119d\u0105cych w zasobie jednostek samorz\u0105du terytorialneg<\/span>o.<\/p>\n","protected":false},"excerpt":{"rendered":"<p>CENNIK P\u0141YWALNI PRZY SZKOLE PODSTAWOWEJ NR 91 w KRAKOWIE &nbsp; &nbsp; Bilet normalny &#8211; 26 z\u0142\/h 26 z\u0142 za pierwsz\u0105 godzin\u0119 ka\u017cda nast\u0119pna minuta 0,45 z\u0142, Bilet ulgowy* &#8211; 20 z\u0142\/h 18 z\u0142 za pierwsz\u0105 godzin\u0119 ka\u017cda nast\u0119pna minuta 0,35 z\u0142, Bilet studencki* &#8211; 20 z\u0142\/h Bilet seniora* 60+ &#8211; 18 z\u0142\/h KKR 3+&#8211; normalny\u00a0\u00a0&hellip; <br \/> <a class=\"read-more\" href=\"http:\/\/sp91krakow.pl\/sp91\/szkola\/plywalnia\/cennik\/\">Dowiedz si\u0119 wi\u0119cej<\/a><\/p>\n","protected":false},"author":1,"featured_media":0,"parent":173,"menu_order":0,"comment_status":"closed","ping_status":"closed","template":"","meta":{"rop_custom_images_group":[],"rop_custom_messages_group":[],"rop_publish_now":"initial","rop_publish_now_accounts":[],"rop_publish_now_history":[],"rop_publish_now_status":"pending","footnotes":""},"class_list":["post-296","page","type-page","status-publish","hentry"],"_links":{"self":[{"href":"http:\/\/sp91krakow.pl\/sp91\/wp-json\/wp\/v2\/pages\/296","targetHints":{"allow":["GET"]}}],"collection":[{"href":"http:\/\/sp91krakow.pl\/sp91\/wp-json\/wp\/v2\/pages"}],"about":[{"href":"http:\/\/sp91krakow.pl\/sp91\/wp-json\/wp\/v2\/types\/page"}],"author":[{"embeddable":true,"href":"http:\/\/sp91krakow.pl\/sp91\/wp-json\/wp\/v2\/users\/1"}],"replies":[{"embeddable":true,"href":"http:\/\/sp91krakow.pl\/sp91\/wp-json\/wp\/v2\/comments?post=296"}],"version-history":[{"count":34,"href":"http:\/\/sp91krakow.pl\/sp91\/wp-json\/wp\/v2\/pages\/296\/revisions"}],"predecessor-version":[{"id":19184,"href":"http:\/\/sp91krakow.pl\/sp91\/wp-json\/wp\/v2\/pages\/296\/revisions\/19184"}],"up":[{"embeddable":true,"href":"http:\/\/sp91krakow.pl\/sp91\/wp-json\/wp\/v2\/pages\/173"}],"wp:attachment":[{"href":"http:\/\/sp91krakow.pl\/sp91\/wp-json\/wp\/v2\/media?parent=296"}],"curies":[{"name":"wp","href":"https:\/\/api.w.org\/{rel}","templated":true}]}}