{"id":5510,"date":"2022-02-07T08:40:57","date_gmt":"2022-02-07T07:40:57","guid":{"rendered":"http:\/\/sp91krakow.pl\/sp91\/?page_id=5510"},"modified":"2026-02-16T08:34:43","modified_gmt":"2026-02-16T07:34:43","slug":"dni-otwarte-2022","status":"publish","type":"page","link":"http:\/\/sp91krakow.pl\/sp91\/dni-otwarte-2022\/","title":{"rendered":"Dni otwarte 2026 w SP91"},"content":{"rendered":"<p style=\"text-align: center;\"><span style=\"font-size: 18px; color: #000000;\"><strong><u>Zapraszamy na \u201eDNI\u00a0 OTWARTE \u201d w Szkole Podstawowej\u00a0 nr 91\u00a0 27-28 lutego 2026r.<\/u><\/strong><\/span><\/p>\n<p style=\"text-align: center;\"><span style=\"font-size: 18px; color: #000000;\">\u00a0\u00a0\u00a0\u00a0 Podczas Dni Otwartych b\u0119d\u0105 mogli\u00a0 Pa\u0144stwo zobaczy\u0107 nasz\u0105 szko\u0142\u0119. Istnieje r\u00f3wnie\u017c\u00a0 mo\u017cliwo\u015b\u0107 konsultacji i rozmowy <\/span><span style=\"font-size: 18px; color: #000000;\">z\u00a0 Nauczycielami, Trenerami, Pedagogiem szkolnym oraz Dyrekcj\u0105.<\/span><\/p>\n<p style=\"text-align: center;\"><span style=\"font-size: 18px; color: #000000;\">\u00a0\u00a0\u00a0\u00a0\u00a0\u00a0\u00a0\u00a0\u00a0\u00a0\u00a0\u00a0\u00a0\u00a0\u00a0\u00a0\u00a0\u00a0\u00a0\u00a0\u00a0\u00a0\u00a0\u00a0\u00a0\u00a0\u00a0\u00a0\u00a0\u00a0\u00a0\u00a0\u00a0\u00a0\u00a0\u00a0\u00a0\u00a0\u00a0\u00a0\u00a0\u00a0\u00a0\u00a0\u00a0\u00a0\u00a0\u00a0\u00a0\u00a0\u00a0\u00a0\u00a0\u00a0\u00a0\u00a0\u00a0\u00a0\u00a0\u00a0\u00a0\u00a0\u00a0\u00a0\u00a0\u00a0\u00a0\u00a0\u00a0\u00a0\u00a0\u00a0\u00a0\u00a0\u00a0\u00a0\u00a0\u00a0\u00a0\u00a0\u00a0\u00a0\u00a0\u00a0\u00a0\u00a0\u00a0\u00a0\u00a0\u00a0\u00a0\u00a0\u00a0\u00a0\u00a0\u00a0\u00a0\u00a0\u00a0\u00a0\u00a0\u00a0\u00a0\u00a0\u00a0 Serdecznie zapraszamy!<\/span><\/p>\n<p>&nbsp;<\/p>\n<p style=\"text-align: center;\"><span style=\"font-size: 18px; color: #000000;\"><strong><u>Aby zosta\u0107 uczestnikiem\u00a0 \u201eDni otwartych\u201d\u00a0 SP 91 w dniach 27- 28 lutego 2026r. nale\u017cy dokona\u0107 elektronicznej rezerwacji :<\/u><\/strong><\/span><\/p>\n<p style=\"text-align: center;\">\u00a0<\/p>\n<ol>\n<li><span style=\"font-size: 18px; color: #000000;\">Rezerwacji terminu wizyty w szkole mo\u017cna dokonywa\u0107 przez Internet. W razie potrzeby, mo\u017cna\u00a0 skorzysta\u0107 z pomocy dzwoni\u0105c do sekretariatu szko\u0142y w godzinach 8.00 \u2013 15.00. Numer telefonu: 12 644 &#8211; 24 \u2013 75.<\/span><\/li>\n<li><span style=\"font-size: 18px; color: #000000;\">Warunkiem przyj\u0119cia rezerwacji jest poprawne wype\u0142nienie i wys\u0142anie elektronicznego formularza.<\/span><\/li>\n<li><span style=\"font-size: 18px; color: #000000;\">Ka\u017cdy z Pa\u0144stwa po zarejestrowaniu si\u0119 otrzyma informacj\u0119 zwrotn\u0105\u00a0 na podany adres email, potwierdzaj\u0105c\u0105 zg\u0142oszenie udzia\u0142u w \u201eSpacerze po szkole\u201d.<\/span><\/li>\n<li><span style=\"font-size: 18px; color: #000000;\">W przypadku rezygnacji z wizyty w szkole prosimy o anulowanie rezerwacji poprzez przes\u0142anie maila na adres: <a href=\"mailto:dzienotwarty.sp91@zsos1.pl\">dzienotwarty.sp91@zsos1.pl<\/a> z informacj\u0105 o zarezerwowanym terminie i godzinie lub telefonicznie w godzinach 8.00 \u2013 15.00 na numer tel. 12\u00a0644 &#8211; 24 \u2013 75.<\/span><\/li>\n<li><span style=\"font-size: 18px; color: #0000ff;\">Prosimy o zwr\u00f3cenie uwagi przy wyborze terminu wizyty w naszej szkole. Prosz\u0119 zaznaczy\u0107 tylko jeden termin (dzie\u0144\/godzin\u0119).<\/span><\/li>\n<\/ol>\n<p>&nbsp;<\/p>\n<p style=\"text-align: center;\"><link rel='stylesheet' media=\"all\" href=\"http:\/\/sp91krakow.pl\/sp91\/wp-content\/plugins\/appointment-hour-booking\/templates\/07\/style.css\" type=\"text\/css\" \/><form class=\"cpp_form no-prefetch\" name=\"cp_appbooking_pform_1\" id=\"cp_appbooking_pform_1\" action=\"\" method=\"post\" enctype=\"multipart\/form-data\" onsubmit=\"return cp_appbooking_pform_doValidate_1(this);\"><input type=\"hidden\" name=\"cp_pform_psequence\" value=\"_1\" \/><input type=\"hidden\" name=\"cp_appbooking_pform_process\" value=\"1\" \/><input type=\"hidden\" name=\"cp_appbooking_id\" value=\"1\" \/><input type=\"hidden\" name=\"cp_ref_page\" value=\"\" \/><input type=\"hidden\" name=\"form_structure_1\" id=\"form_structure_1\" size=\"180\" value=\"[[{&quot;form_identifier&quot;:&quot;&quot;,&quot;name&quot;:&quot;fieldname1&quot;,&quot;shortlabel&quot;:&quot;&quot;,&quot;index&quot;:0,&quot;ftype&quot;:&quot;fapp&quot;,&quot;userhelp&quot;:&quot;&quot;,&quot;userhelpTooltip&quot;:&quot;&quot;,&quot;csslayout&quot;:&quot;&quot;,&quot;title&quot;:&quot;Rezerwacja terminu na&quot;,&quot;services&quot;:[{&quot;name&quot;:&quot;Dzie\\u0144 otwarty&quot;,&quot;price&quot;:0,&quot;capacity&quot;:&quot;20&quot;,&quot;duration&quot;:&quot;30&quot;,&quot;pb&quot;:0,&quot;pa&quot;:0,&quot;ohindex&quot;:0,&quot;idx&quot;:1}],&quot;openhours&quot;:[],&quot;allOH&quot;:[{&quot;name&quot;:&quot;Default&quot;,&quot;openhours&quot;:[{&quot;type&quot;:&quot;d5&quot;,&quot;d&quot;:&quot;&quot;,&quot;h1&quot;:&quot;17&quot;,&quot;m1&quot;:&quot;0&quot;,&quot;h2&quot;:&quot;18&quot;,&quot;m2&quot;:&quot;30&quot;},{&quot;type&quot;:&quot;d6&quot;,&quot;d&quot;:&quot;&quot;,&quot;h1&quot;:&quot;10&quot;,&quot;m1&quot;:&quot;0&quot;,&quot;h2&quot;:&quot;11&quot;,&quot;m2&quot;:&quot;30&quot;}]}],&quot;dateFormat&quot;:&quot;dd\\\/mm\\\/yy&quot;,&quot;showDropdown&quot;:false,&quot;showTotalCost&quot;:false,&quot;showTotalCostFormat&quot;:&quot;$ {0}&quot;,&quot;showEndTime&quot;:false,&quot;showQuantity&quot;:false,&quot;usedSlotsCheckbox&quot;:true,&quot;avoidOverlaping&quot;:true,&quot;emptySelectCheckbox&quot;:false,&quot;emptySelect&quot;:&quot;&quot;,&quot;dropdownRange&quot;:&quot;0:+10&quot;,&quot;working_dates&quot;:[false,false,false,false,false,true,true],&quot;numberOfMonths&quot;:&quot;1&quot;,&quot;maxNumberOfApp&quot;:&quot;6&quot;,&quot;firstDay&quot;:&quot;1&quot;,&quot;minDate&quot;:&quot;27\\\/02\\\/2026&quot;,&quot;maxDate&quot;:&quot;28\\\/02\\\/2026&quot;,&quot;defaultDate&quot;:&quot;&quot;,&quot;invalidDates&quot;:&quot;&quot;,&quot;tmpinvalidDates&quot;:&quot;&quot;,&quot;required&quot;:true,&quot;bSlotsCheckbox&quot;:true,&quot;bSlots&quot;:&quot;20&quot;,&quot;militaryTime&quot;:1,&quot;autonum&quot;:5,&quot;autonumStaff&quot;:0,&quot;quantityMin&quot;:1,&quot;fBuild&quot;:{},&quot;special_days&quot;:[],&quot;minDateTmp&quot;:&quot;27\\\/02\\\/2026&quot;,&quot;getMinDate&quot;:{},&quot;tmpinvalidDatestime&quot;:[]},{&quot;form_identifier&quot;:&quot;&quot;,&quot;name&quot;:&quot;fieldname2&quot;,&quot;shortlabel&quot;:&quot;&quot;,&quot;index&quot;:1,&quot;ftype&quot;:&quot;ftext&quot;,&quot;userhelp&quot;:&quot;&quot;,&quot;userhelpTooltip&quot;:&quot;&quot;,&quot;csslayout&quot;:&quot;&quot;,&quot;title&quot;:&quot;Imi\\u0119 i nazwisko dziecka&quot;,&quot;predefined&quot;:&quot;&quot;,&quot;predefinedClick&quot;:false,&quot;required&quot;:true,&quot;size&quot;:&quot;large&quot;,&quot;minlength&quot;:&quot;&quot;,&quot;maxlength&quot;:&quot;&quot;,&quot;equalTo&quot;:&quot;&quot;,&quot;fBuild&quot;:{}},{&quot;form_identifier&quot;:&quot;&quot;,&quot;name&quot;:&quot;fieldname3&quot;,&quot;shortlabel&quot;:&quot;Konieczna jest akceptacja regulaminu.&quot;,&quot;index&quot;:2,&quot;ftype&quot;:&quot;facceptance&quot;,&quot;userhelp&quot;:&quot;&quot;,&quot;userhelpTooltip&quot;:&quot;&quot;,&quot;csslayout&quot;:&quot;&quot;,&quot;title&quot;:&quot;Zaakceptuj regulamin&quot;,&quot;value&quot;:&quot;Akceptuj\\u0119&quot;,&quot;url&quot;:&quot;http:\\\/\\\/sp91krakow.pl\\\/sp91\\\/wp-content\\\/uploads\\\/2020\\\/10\\\/KLAUZULA-INFORMACYJNA-dni-otwarte-2026.pdf&quot;,&quot;message&quot;:&quot;&quot;,&quot;required&quot;:true,&quot;fBuild&quot;:{}},{&quot;form_identifier&quot;:&quot;&quot;,&quot;name&quot;:&quot;email&quot;,&quot;shortlabel&quot;:&quot;&quot;,&quot;index&quot;:3,&quot;ftype&quot;:&quot;femail&quot;,&quot;userhelp&quot;:&quot;&quot;,&quot;userhelpTooltip&quot;:&quot;&quot;,&quot;csslayout&quot;:&quot;&quot;,&quot;title&quot;:&quot;Email rodzica&quot;,&quot;predefined&quot;:&quot;&quot;,&quot;predefinedClick&quot;:false,&quot;required&quot;:true,&quot;size&quot;:&quot;medium&quot;,&quot;equalTo&quot;:&quot;&quot;,&quot;fBuild&quot;:{}}],[{&quot;title&quot;:&quot;ZAPISY NA DNI OTWARTE 27-28.02.2026r.&quot;,&quot;description&quot;:&quot;Nale\\u017cy wybra\\u0107 dzie\\u0144 oraz konkretn\\u0105 godzin\\u0119 planowanej wizyty w czasie Dni Otwartych Szko\\u0142y.\\n\\nPo klikni\\u0119ciu w dowoln\\u0105 godzin\\u0119 dokonaj\\u0105 Pa\\u0144stwo rezerwacji na Dni Otwarte. W emailu zwrotnym, otrzymaj\\u0105 Pa\\u0144stwo potwierdzenie rezerwacji Spaceru po szkole, w kt\\u00f3rym Pa\\u0144stwo b\\u0119d\\u0105 uczestniczy\\u0107.\\n\\nProsimy o przestrzeganie wyznaczonych godzin wizyty w szkole, przes\\u0142anej do Pa\\u0144stwa w emailu potwierdzaj\\u0105cym.&quot;,&quot;formlayout&quot;:&quot;top_aligned&quot;,&quot;formtemplate&quot;:&quot;ahb_m&quot;,&quot;evalequations&quot;:1,&quot;autocomplete&quot;:0,&quot;autofocus&quot;:true}]]\" \/><input type=\"hidden\" name=\"refpage_1\" id=\"refpage_1\" value=\"\"><input type=\"hidden\" name=\"cp_appbooking_pform_status\" value=\"0\" \/><input name=\"anonce\" type=\"hidden\" value=\"55d0245b8f\"\/>\r\n<div id=\"fbuilder\">\r\n    <div id=\"fbuilder_1\">\r\n        <div id=\"formheader_1\"><\/div>\r\n        <div id=\"fieldlist_1\"><\/div>\r\n    <\/div>\r\n<\/div>\r\n<div style=\"display:none\">\r\n<div id=\"cpcaptchalayer_1\" class=\"cpcaptchalayer\">\r\n <div class=\"fields\" id=\"field-c0\" style=\"display:none\">\r\n    <label><\/label>\r\n    <div class=\"dfield\"><!--addons-payment-options--><\/div>\r\n    <div class=\"clearer\"><\/div>\r\n <\/div>\r\n<!-- rcadon -->\r\n<\/div>\r\n<\/div>\r\n<div id=\"cp_subbtn_1\" class=\"cp_subbtn\">Prze\u015blij<\/div>\r\n<div style=\"clear:both;\"><\/div>\r\n<input type=\"hidden\" name=\"cpapphbf3b1a\" value=\"\"><\/form>\r\n<\/p>\n<p style=\"text-align: center;\">\u00a0<\/p>\n","protected":false},"excerpt":{"rendered":"<p>Zapraszamy na \u201eDNI\u00a0 OTWARTE \u201d w Szkole Podstawowej\u00a0 nr 91\u00a0 27-28 lutego 2026r. \u00a0\u00a0\u00a0\u00a0 Podczas Dni Otwartych b\u0119d\u0105 mogli\u00a0 Pa\u0144stwo zobaczy\u0107 nasz\u0105 szko\u0142\u0119. Istnieje r\u00f3wnie\u017c\u00a0 mo\u017cliwo\u015b\u0107 konsultacji i rozmowy z\u00a0 Nauczycielami, Trenerami, Pedagogiem szkolnym oraz Dyrekcj\u0105. \u00a0\u00a0\u00a0\u00a0\u00a0\u00a0\u00a0\u00a0\u00a0\u00a0\u00a0\u00a0\u00a0\u00a0\u00a0\u00a0\u00a0\u00a0\u00a0\u00a0\u00a0\u00a0\u00a0\u00a0\u00a0\u00a0\u00a0\u00a0\u00a0\u00a0\u00a0\u00a0\u00a0\u00a0\u00a0\u00a0\u00a0\u00a0\u00a0\u00a0\u00a0\u00a0\u00a0\u00a0\u00a0\u00a0\u00a0\u00a0\u00a0\u00a0\u00a0\u00a0\u00a0\u00a0\u00a0\u00a0\u00a0\u00a0\u00a0\u00a0\u00a0\u00a0\u00a0\u00a0\u00a0\u00a0\u00a0\u00a0\u00a0\u00a0\u00a0\u00a0\u00a0\u00a0\u00a0\u00a0\u00a0\u00a0\u00a0\u00a0\u00a0\u00a0\u00a0\u00a0\u00a0\u00a0\u00a0\u00a0\u00a0\u00a0\u00a0\u00a0\u00a0\u00a0\u00a0\u00a0\u00a0\u00a0\u00a0\u00a0\u00a0\u00a0\u00a0\u00a0\u00a0 Serdecznie zapraszamy! &nbsp; Aby zosta\u0107 uczestnikiem\u00a0 \u201eDni otwartych\u201d\u00a0 SP 91 w dniach 27- 28 lutego 2026r. nale\u017cy dokona\u0107&hellip; <br \/> <a class=\"read-more\" href=\"http:\/\/sp91krakow.pl\/sp91\/dni-otwarte-2022\/\">Dowiedz si\u0119 wi\u0119cej<\/a><\/p>\n","protected":false},"author":1,"featured_media":0,"parent":0,"menu_order":0,"comment_status":"closed","ping_status":"closed","template":"","meta":{"rop_custom_images_group":[],"rop_custom_messages_group":[],"rop_publish_now":"initial","rop_publish_now_accounts":[],"rop_publish_now_history":[],"rop_publish_now_status":"pending","footnotes":""},"class_list":["post-5510","page","type-page","status-publish","hentry"],"_links":{"self":[{"href":"http:\/\/sp91krakow.pl\/sp91\/wp-json\/wp\/v2\/pages\/5510","targetHints":{"allow":["GET"]}}],"collection":[{"href":"http:\/\/sp91krakow.pl\/sp91\/wp-json\/wp\/v2\/pages"}],"about":[{"href":"http:\/\/sp91krakow.pl\/sp91\/wp-json\/wp\/v2\/types\/page"}],"author":[{"embeddable":true,"href":"http:\/\/sp91krakow.pl\/sp91\/wp-json\/wp\/v2\/users\/1"}],"replies":[{"embeddable":true,"href":"http:\/\/sp91krakow.pl\/sp91\/wp-json\/wp\/v2\/comments?post=5510"}],"version-history":[{"count":23,"href":"http:\/\/sp91krakow.pl\/sp91\/wp-json\/wp\/v2\/pages\/5510\/revisions"}],"predecessor-version":[{"id":21679,"href":"http:\/\/sp91krakow.pl\/sp91\/wp-json\/wp\/v2\/pages\/5510\/revisions\/21679"}],"wp:attachment":[{"href":"http:\/\/sp91krakow.pl\/sp91\/wp-json\/wp\/v2\/media?parent=5510"}],"curies":[{"name":"wp","href":"https:\/\/api.w.org\/{rel}","templated":true}]}}