{"id":933,"date":"2018-09-24T10:36:36","date_gmt":"2018-09-24T08:36:36","guid":{"rendered":"http:\/\/sp91krakow.pl\/sp91\/?page_id=933"},"modified":"2026-04-27T14:35:34","modified_gmt":"2026-04-27T12:35:34","slug":"aktualnosci","status":"publish","type":"page","link":"http:\/\/sp91krakow.pl\/sp91\/szkola\/zfss\/aktualnosci\/","title":{"rendered":"Aktualno\u015bci"},"content":{"rendered":"<p style=\"text-align: justify;\"><span style=\"text-decoration: underline; color: #000000;\"><span style=\"font-size: 18pt;\"><strong>Komisja Zak\u0142adowego Funduszu \u015awiadcze\u0144 Socjalnych informuje:<\/strong><\/span><\/span><\/p>\n<p style=\"text-align: justify;\"><span style=\"color: #000000;\">Komisja Zak\u0142adowego Funduszu \u015awiadcze\u0144 Socjalnych informuje, \u017ce w celu skorzystania ze \u015bwiadcze\u0144 w 2025 roku nale\u017cy dostarczy\u0107 nast\u0119puj\u0105ce dokumenty:<\/span><\/p>\n<p style=\"text-align: justify;\"><span style=\"color: #000000;\">1. O\u015bwiadczenie o sytuacji \u017cyciowej, rodzinnej i materialnej w gospodarstwie domowym.<\/span><br \/><span style=\"color: #000000;\">2. PIT za 2025 rok (36,37,40a) swojego rozliczenia podatkowego oraz os\u00f3b wchodz\u0105cych w sk\u0142ad gospodarstwa domowego- kopia.<\/span><br \/><span style=\"color: #000000;\">3. Legitymacja uczniowska lub studencka (dla dzieci powy\u017cej 18 roku \u017cycia) &#8211; kopia.<\/span><br \/><span style=\"color: #000000;\">4. O\u015bwiadczenie o przetwarzaniu danych osobowych- kopia.<\/span><\/p>\n<p style=\"text-align: justify;\"><span style=\"color: #000000;\">Ww. dokumenty mo\u017cna sk\u0142ada\u0107 w terminie od 28.04. do 08.05.2026. W przypadku wys\u0142ania dokument\u00f3w za po\u015brednictwem poczty b\u0119dzie decydowa\u0107 data stempla pocztowego.\u00a0<\/span><\/p>\n<p style=\"text-align: justify;\"><span style=\"color: #000000;\">Regulamin ZF\u015aS oraz druki dokument\u00f3w do pobrania znajduj\u0105 si\u0119 na stronie internetowej szko\u0142y w zak\u0142adce Szko\u0142a- ZF\u015aS- dokumenty.<\/span><\/p>\n<p style=\"text-align: justify;\"><span style=\"color: #000000;\">Prosimy o prawid\u0142owe i kompletne wype\u0142nienie dokument\u00f3w- tylko takie b\u0119d\u0105 realizowane.<\/span><\/p>\n<p style=\"text-align: justify;\"><span style=\"color: #000000;\">Informujemy, \u017ce wraz z o\u015bwiadczeniem o sytuacji \u017cyciowej, rodzinnej i materialnej mo\u017cna z\u0142o\u017cy\u0107 wnioski o dofinansowanie lub zapomogi. Staraj\u0105c si\u0119 o zapomog\u0119 socjaln\u0105 nale\u017cy na wniosku poda\u0107 jej przeznaczenie. Za\u0142\u0105cznikami do wniosk\u00f3w o dofinansowanie\/ zapomog\u0119 socjaln\u0105 mog\u0105 by\u0107 faktury, rachunki, bilety.<\/span><\/p>\n<p style=\"text-align: justify;\"><span style=\"color: #000000;\">Na ka\u017cde \u015bwiadczenie nale\u017cy z\u0142o\u017cy\u0107 osobny wniosek.<\/span><\/p>\n<p style=\"text-align: justify;\"><strong><span style=\"color: #ff0000;\">UWAGA:<\/span><\/strong><br \/><strong><span style=\"color: #ff0000;\">Wszystkie dokumenty nale\u017cy spakowa\u0107 w koszulk\u0119 lub kopert\u0119 i wk\u0142ada\u0107 <span style=\"text-decoration: underline;\">do szafki nr 5<\/span> znajduj\u0105cej si\u0119 w pokoju nauczycielskim.<\/span><\/strong><\/p>\n<p><strong><span style=\"color: #ff0000;\">Emeryt\u00f3w oraz pracownik\u00f3w administracji prosimy o sk\u0142adanie dokument\u00f3w w zaklejonych kopertach na dy\u017curce.<\/span><\/strong><\/p>\n","protected":false},"excerpt":{"rendered":"<p>Komisja Zak\u0142adowego Funduszu \u015awiadcze\u0144 Socjalnych informuje: Komisja Zak\u0142adowego Funduszu \u015awiadcze\u0144 Socjalnych informuje, \u017ce w celu skorzystania ze \u015bwiadcze\u0144 w 2025 roku nale\u017cy dostarczy\u0107 nast\u0119puj\u0105ce dokumenty: 1. O\u015bwiadczenie o sytuacji \u017cyciowej, rodzinnej i materialnej w gospodarstwie domowym.2. PIT za 2025 rok (36,37,40a) swojego rozliczenia podatkowego oraz os\u00f3b wchodz\u0105cych w sk\u0142ad gospodarstwa domowego- kopia.3. Legitymacja uczniowska lub&hellip; <br \/> <a class=\"read-more\" href=\"http:\/\/sp91krakow.pl\/sp91\/szkola\/zfss\/aktualnosci\/\">Dowiedz si\u0119 wi\u0119cej<\/a><\/p>\n","protected":false},"author":1,"featured_media":0,"parent":169,"menu_order":0,"comment_status":"closed","ping_status":"closed","template":"","meta":{"rop_custom_images_group":[],"rop_custom_messages_group":[],"rop_publish_now":"initial","rop_publish_now_accounts":[],"rop_publish_now_history":[],"rop_publish_now_status":"pending","footnotes":""},"class_list":["post-933","page","type-page","status-publish","hentry"],"_links":{"self":[{"href":"http:\/\/sp91krakow.pl\/sp91\/wp-json\/wp\/v2\/pages\/933","targetHints":{"allow":["GET"]}}],"collection":[{"href":"http:\/\/sp91krakow.pl\/sp91\/wp-json\/wp\/v2\/pages"}],"about":[{"href":"http:\/\/sp91krakow.pl\/sp91\/wp-json\/wp\/v2\/types\/page"}],"author":[{"embeddable":true,"href":"http:\/\/sp91krakow.pl\/sp91\/wp-json\/wp\/v2\/users\/1"}],"replies":[{"embeddable":true,"href":"http:\/\/sp91krakow.pl\/sp91\/wp-json\/wp\/v2\/comments?post=933"}],"version-history":[{"count":52,"href":"http:\/\/sp91krakow.pl\/sp91\/wp-json\/wp\/v2\/pages\/933\/revisions"}],"predecessor-version":[{"id":22257,"href":"http:\/\/sp91krakow.pl\/sp91\/wp-json\/wp\/v2\/pages\/933\/revisions\/22257"}],"up":[{"embeddable":true,"href":"http:\/\/sp91krakow.pl\/sp91\/wp-json\/wp\/v2\/pages\/169"}],"wp:attachment":[{"href":"http:\/\/sp91krakow.pl\/sp91\/wp-json\/wp\/v2\/media?parent=933"}],"curies":[{"name":"wp","href":"https:\/\/api.w.org\/{rel}","templated":true}]}}