{"id":9934,"date":"2023-10-30T08:24:23","date_gmt":"2023-10-30T07:24:23","guid":{"rendered":"http:\/\/sp91krakow.pl\/sp91\/?page_id=9934"},"modified":"2023-10-30T08:24:23","modified_gmt":"2023-10-30T07:24:23","slug":"centrum-zdrowia-psychicznego","status":"publish","type":"page","link":"http:\/\/sp91krakow.pl\/sp91\/centrum-zdrowia-psychicznego\/","title":{"rendered":"Centrum Zdrowia Psychicznego"},"content":{"rendered":"<p style=\"text-align: center;\"><span style=\"color: #000000;\">Centrum Zdrowia Psychicznego dla Dzieci i M\u0142odzie\u017cy Leonardo Da Vinci<\/span><\/p>\n<p style=\"text-align: center;\"><span style=\"color: #000000;\">W jednostce funkcjonuje Poradnia Zdrowia Psychicznego i Oddzia\u0142 Dzienny z ca\u0142orocznym naborem do grup terapeutycznych. Centrum w ramach Oddzia\u0142u Dziennego oferuje:<\/span><br \/><span style=\"color: #000000;\">* 3-miesi\u0119czne turnusy (oddzia\u0142ywania w formie psychoterapii grupowej, indywidualnej i<\/span><br \/><span style=\"color: #000000;\">rodzinnej);<\/span><br \/><span style=\"color: #000000;\">* realizacj\u0119 obowi\u0105zku szkolnego w godzinach pobytu.<\/span><br \/><span style=\"color: #000000;\">Poradnia zapewnia kompleksow\u0105 diagnostyk\u0119 psychiatryczn\u0105 i psychologiczn\u0105 oraz oferuje<\/span><br \/><span style=\"color: #000000;\">grupy terapeutyczne i wspieraj\u0105ce oraz treningi zar\u00f3wno dla m\u0142odych pacjent\u00f3w jak i rodzic\u00f3w<\/span><br \/><span style=\"color: #000000;\">&#8211; opiek\u0105 obj\u0119te s\u0105 ca\u0142e systemy rodzinne.<\/span><br \/><span style=\"color: #000000;\">Pomoc skierowana jest do dzieci i m\u0142odzie\u017cy (do 18 r.\u017c. lub uko\u0144czenia nauki w szko\u0142ach<\/span><br \/><span style=\"color: #000000;\">ponadpodstawowych) wymagaj\u0105cych kompleksowej pomocy specjalist\u00f3w z zakresu zdrowia<\/span><br \/><span style=\"color: #000000;\">psychicznego.<\/span><\/p>\n<p style=\"text-align: center;\"><span style=\"color: #000000;\">Centrum charakteryzuje holistyczne podej\u015bcie. Aktualna wiedza na temat funkcjonowania<\/span><br \/><span style=\"color: #000000;\">cz\u0142owieka wskazuje na nierozerwalny zwi\u0105zek pomi\u0119dzy stanem psychicznym cz\u0142owieka a jego<\/span><br \/><span style=\"color: #000000;\">cia\u0142em. Innowacyjne po\u0142\u0105czenie klasycznej psychoterapii ze zwi\u0119kszaniem zdolno\u015bci do<\/span><br \/><span style=\"color: #000000;\">autoregulacji emocjonalnej, poprzez formy pracy z cia\u0142em, zapewnia pe\u0142niejsze podej\u015bcie do<\/span><br \/><span style=\"color: #000000;\">problem\u00f3w zdrowia psychicznego. Uwzgl\u0119dnienie perspektywy rodzinnej, r\u00f3wie\u015bniczej i<\/span><br \/><span style=\"color: #000000;\">\u015brodowiskowej optymalizuje proces leczenia.<\/span><br \/><span style=\"color: #000000;\">Oddzia\u0142ywania s\u0105 dostosowane do bie\u017c\u0105cych potrzeb Pacjenta, obejmuj\u0105 diagnoz\u0119 i<\/span><br \/><span style=\"color: #000000;\">zindywidualizowany Plan Terapii.<\/span><br \/><span style=\"color: #000000;\">Grupa dobierana jest pod wzgl\u0119dem wieku, a nowe osoby nie dochodz\u0105 w trakcie trwania cyklu<\/span><br \/><span style=\"color: #000000;\">leczenia<\/span><\/p>\n<p style=\"text-align: center;\"><span style=\"color: #000000;\">Wszystkie \u015bwiadczenia realizowane s\u0105 w ramach NFZ.<\/span><\/p>\n<p style=\"text-align: center;\"><span style=\"color: #000000;\">Kontakt<\/span><br \/><span style=\"color: #000000;\">tel. +48 731 002 112<\/span><br \/><span style=\"color: #000000;\">e-mail dim.pzp@cmdv.pl<\/span><br \/><span style=\"color: #000000;\">rejestracja czynna od poniedzia\u0142ku do pi\u0105tku od 8.00 do 20.00<\/span><\/p>\n","protected":false},"excerpt":{"rendered":"<p>Centrum Zdrowia Psychicznego dla Dzieci i M\u0142odzie\u017cy Leonardo Da Vinci W jednostce funkcjonuje Poradnia Zdrowia Psychicznego i Oddzia\u0142 Dzienny z ca\u0142orocznym naborem do grup terapeutycznych. Centrum w ramach Oddzia\u0142u Dziennego oferuje:* 3-miesi\u0119czne turnusy (oddzia\u0142ywania w formie psychoterapii grupowej, indywidualnej irodzinnej);* realizacj\u0119 obowi\u0105zku szkolnego w godzinach pobytu.Poradnia zapewnia kompleksow\u0105 diagnostyk\u0119 psychiatryczn\u0105 i psychologiczn\u0105 oraz oferujegrupy terapeutyczne&hellip; <br \/> <a class=\"read-more\" href=\"http:\/\/sp91krakow.pl\/sp91\/centrum-zdrowia-psychicznego\/\">Dowiedz si\u0119 wi\u0119cej<\/a><\/p>\n","protected":false},"author":1,"featured_media":0,"parent":0,"menu_order":0,"comment_status":"closed","ping_status":"closed","template":"","meta":{"rop_custom_images_group":[],"rop_custom_messages_group":[],"rop_publish_now":"initial","rop_publish_now_accounts":[],"rop_publish_now_history":[],"rop_publish_now_status":"pending","footnotes":""},"class_list":["post-9934","page","type-page","status-publish","hentry"],"_links":{"self":[{"href":"http:\/\/sp91krakow.pl\/sp91\/wp-json\/wp\/v2\/pages\/9934","targetHints":{"allow":["GET"]}}],"collection":[{"href":"http:\/\/sp91krakow.pl\/sp91\/wp-json\/wp\/v2\/pages"}],"about":[{"href":"http:\/\/sp91krakow.pl\/sp91\/wp-json\/wp\/v2\/types\/page"}],"author":[{"embeddable":true,"href":"http:\/\/sp91krakow.pl\/sp91\/wp-json\/wp\/v2\/users\/1"}],"replies":[{"embeddable":true,"href":"http:\/\/sp91krakow.pl\/sp91\/wp-json\/wp\/v2\/comments?post=9934"}],"version-history":[{"count":2,"href":"http:\/\/sp91krakow.pl\/sp91\/wp-json\/wp\/v2\/pages\/9934\/revisions"}],"predecessor-version":[{"id":9936,"href":"http:\/\/sp91krakow.pl\/sp91\/wp-json\/wp\/v2\/pages\/9934\/revisions\/9936"}],"wp:attachment":[{"href":"http:\/\/sp91krakow.pl\/sp91\/wp-json\/wp\/v2\/media?parent=9934"}],"curies":[{"name":"wp","href":"https:\/\/api.w.org\/{rel}","templated":true}]}}